{"id":2170,"date":"2026-02-10T08:59:50","date_gmt":"2026-02-10T13:59:50","guid":{"rendered":"https:\/\/www.iush.edu.co\/inicio\/?page_id=2170"},"modified":"2026-03-26T08:29:01","modified_gmt":"2026-03-26T13:29:01","slug":"universidad-de-padres","status":"publish","type":"page","link":"https:\/\/www.iush.edu.co\/inicio\/universidad-de-padres\/","title":{"rendered":"Universidad de Padres"},"content":{"rendered":"\t\t<div data-elementor-type=\"wp-page\" data-elementor-id=\"2170\" class=\"elementor elementor-2170\" data-elementor-post-type=\"page\">\n\t\t\t\t<div data-particle_enable=\"false\" data-particle-mobile-disabled=\"false\" class=\"elementor-element elementor-element-532ffc7 e-flex e-con-boxed e-con e-parent\" data-id=\"532ffc7\" data-element_type=\"container\">\n\t\t\t\t\t<div class=\"e-con-inner\">\n\t\t\t\t<div class=\"elementor-element elementor-element-f87e387 elementor-widget elementor-widget-spacer\" data-id=\"f87e387\" data-element_type=\"widget\" data-widget_type=\"spacer.default\">\n\t\t\t\t\t\t\t<div class=\"elementor-spacer\">\n\t\t\t<div class=\"elementor-spacer-inner\"><\/div>\n\t\t<\/div>\n\t\t\t\t\t\t<\/div>\n\t\t\t\t\t<\/div>\n\t\t\t\t<\/div>\n\t\t<div data-particle_enable=\"false\" data-particle-mobile-disabled=\"false\" class=\"elementor-element elementor-element-d593200 e-flex e-con-boxed e-con e-parent\" data-id=\"d593200\" data-element_type=\"container\">\n\t\t\t\t\t<div class=\"e-con-inner\">\n\t\t<div data-particle_enable=\"false\" data-particle-mobile-disabled=\"false\" class=\"elementor-element elementor-element-d15f13e e-con-full e-flex e-con e-child\" data-id=\"d15f13e\" data-element_type=\"container\" data-settings=\"{&quot;background_background&quot;:&quot;slideshow&quot;,&quot;background_slideshow_gallery&quot;:[{&quot;id&quot;:2174,&quot;url&quot;:&quot;https:\\\/\\\/www.iush.edu.co\\\/inicio\\\/wp-content\\\/uploads\\\/2026\\\/02\\\/Mesa-de-trabajo-3-copia-18-100-e1770739913346.jpg&quot;}],&quot;background_slideshow_slide_duration&quot;:5000,&quot;background_slideshow_slide_transition&quot;:&quot;fade&quot;,&quot;background_slideshow_transition_duration&quot;:500}\">\n\t\t<div data-particle_enable=\"false\" data-particle-mobile-disabled=\"false\" class=\"elementor-element elementor-element-4324e9f e-con-full e-flex e-con e-child\" data-id=\"4324e9f\" data-element_type=\"container\" data-settings=\"{&quot;background_background&quot;:&quot;classic&quot;,&quot;position&quot;:&quot;absolute&quot;}\">\n\t\t\t\t<div class=\"elementor-element elementor-element-9229620 elementor-widget elementor-widget-heading\" data-id=\"9229620\" data-element_type=\"widget\" data-widget_type=\"heading.default\">\n\t\t\t\t\t<h2 class=\"elementor-heading-title elementor-size-default\">Universidad de Padres<\/h2>\t\t\t\t<\/div>\n\t\t\t\t<\/div>\n\t\t\t\t<\/div>\n\t\t\t\t\t<\/div>\n\t\t\t\t<\/div>\n\t\t<div data-particle_enable=\"false\" data-particle-mobile-disabled=\"false\" class=\"elementor-element elementor-element-2f8cf9d e-flex e-con-boxed e-con e-parent\" data-id=\"2f8cf9d\" data-element_type=\"container\">\n\t\t\t\t\t<div class=\"e-con-inner\">\n\t\t\t\t<div class=\"elementor-element elementor-element-9977807 elementor-widget elementor-widget-spacer\" data-id=\"9977807\" data-element_type=\"widget\" data-widget_type=\"spacer.default\">\n\t\t\t\t\t\t\t<div class=\"elementor-spacer\">\n\t\t\t<div class=\"elementor-spacer-inner\"><\/div>\n\t\t<\/div>\n\t\t\t\t\t\t<\/div>\n\t\t\t\t\t<\/div>\n\t\t\t\t<\/div>\n\t\t<div data-particle_enable=\"false\" data-particle-mobile-disabled=\"false\" class=\"elementor-element elementor-element-2cb0d4d e-flex e-con-boxed e-con e-parent\" data-id=\"2cb0d4d\" data-element_type=\"container\">\n\t\t\t\t\t<div class=\"e-con-inner\">\n\t\t<div data-particle_enable=\"false\" data-particle-mobile-disabled=\"false\" class=\"elementor-element elementor-element-212c588 e-con-full e-flex e-con e-child\" data-id=\"212c588\" data-element_type=\"container\">\n\t\t\t\t<div class=\"elementor-element elementor-element-bbd842e elementor-widget elementor-widget-text-editor\" data-id=\"bbd842e\" data-element_type=\"widget\" data-widget_type=\"text-editor.default\">\n\t\t\t\t\t\t\t\t\t<p><span data-olk-copy-source=\"MessageBody\">El ingreso a la universidad es un momento de orgullo,\u00a0tambi\u00e9n de dudas, miedos y grandes cambios.<\/span><\/p><p>Los invitamos a un espacio de reflexi\u00f3n y orientaci\u00f3n para comprender c\u00f3mo acompa\u00f1ar a sus hijos en el inicio de la vida universitaria, fortaleciendo su independencia, disciplina y autocontrol, habilidades esenciales para la vida adulta.<\/p>\t\t\t\t\t\t\t\t<\/div>\n\t\t\t\t<\/div>\n\t\t<a data-particle_enable=\"false\" data-particle-mobile-disabled=\"false\" class=\"elementor-element elementor-element-d1d4aa7 e-con-full e-flex e-con e-child\" data-id=\"d1d4aa7\" data-element_type=\"container\" data-settings=\"{&quot;background_background&quot;:&quot;classic&quot;}\" href=\"#inscripcionevento\">\n\t\t\t\t<div class=\"elementor-element elementor-element-97d391f elementor-widget elementor-widget-heading\" data-id=\"97d391f\" data-element_type=\"widget\" data-widget_type=\"heading.default\">\n\t\t\t\t\t<h2 class=\"elementor-heading-title elementor-size-default\">Inscribirme<\/h2>\t\t\t\t<\/div>\n\t\t\t\t<\/a>\n\t\t\t\t\t<\/div>\n\t\t\t\t<\/div>\n\t\t<div data-particle_enable=\"false\" data-particle-mobile-disabled=\"false\" class=\"elementor-element elementor-element-82eb731 e-con-full e-flex e-con e-parent\" data-id=\"82eb731\" data-element_type=\"container\" id=\"inscripcionevento\" data-settings=\"{&quot;background_background&quot;:&quot;classic&quot;}\">\n\t\t\t\t<div class=\"elementor-element elementor-element-d675dd5 elementor-widget elementor-widget-heading\" data-id=\"d675dd5\" data-element_type=\"widget\" data-widget_type=\"heading.default\">\n\t\t\t\t\t<h2 class=\"elementor-heading-title elementor-size-default\">Pr\u00f3ximo evento:  8 de abril 2026 - 6:00 p.m.<\/h2>\t\t\t\t<\/div>\n\t\t\t\t<div class=\"elementor-element elementor-element-2111f0e elementor-widget elementor-widget-html\" data-id=\"2111f0e\" data-element_type=\"widget\" data-widget_type=\"html.default\">\n\t\t\t\t\t<iframe src=\"https:\/\/docs.google.com\/forms\/d\/e\/1FAIpQLSejHGI9heGByGJpjebwlPPFQCppnicmzC_1rxVYtMvLpiYpng\/viewform?embedded=true\" width=\"640\" height=\"800\" frameborder=\"0\" marginheight=\"0\" marginwidth=\"0\">Cargando\u2026<\/iframe>\t\t\t\t<\/div>\n\t\t\t\t<\/div>\n\t\t\t\t<\/div>\n\t\t","protected":false},"excerpt":{"rendered":"<p>El Centro de Extensi\u00f3n y Proyecci\u00f3n Social del Salazar y Herrera, impulsa la Educaci\u00f3n Continua como una estrategia de conexi\u00f3n permanente con la sociedad, promoviendo el aprendizaje a lo largo de la vida y la actualizaci\u00f3n profesional.<\/p>\n<p>A trav\u00e9s de cursos, diplomados y programas flexibles, la Instituci\u00f3n integra conocimiento acad\u00e9mico, innovaci\u00f3n y principios cat\u00f3licos para responder a las necesidades sociales, organizacionales y profesionales del entorno.<\/p>\n","protected":false},"author":2,"featured_media":1399,"parent":0,"menu_order":0,"comment_status":"closed","ping_status":"closed","template":"","meta":{"footnotes":""},"class_list":["post-2170","page","type-page","status-publish","has-post-thumbnail","hentry"],"yoast_head":"<!-- This site is optimized with the Yoast SEO plugin v26.3 - https:\/\/yoast.com\/wordpress\/plugins\/seo\/ -->\n<title>Universidad de Padres - Instituci\u00f3n Universitaria Salazar y Herrera<\/title>\n<meta name=\"robots\" content=\"index, follow, max-snippet:-1, max-image-preview:large, max-video-preview:-1\" \/>\n<link rel=\"canonical\" href=\"https:\/\/www.iush.edu.co\/inicio\/universidad-de-padres\/\" \/>\n<meta property=\"og:locale\" content=\"es_ES\" \/>\n<meta property=\"og:type\" content=\"article\" \/>\n<meta property=\"og:title\" content=\"Universidad de Padres - Instituci\u00f3n Universitaria Salazar y Herrera\" \/>\n<meta property=\"og:description\" content=\"El Centro de Extensi\u00f3n y Proyecci\u00f3n Social del Salazar y Herrera, impulsa la Educaci\u00f3n Continua como una estrategia de conexi\u00f3n permanente con la sociedad, promoviendo el aprendizaje a lo largo de la vida y la actualizaci\u00f3n profesional. A trav\u00e9s de cursos, diplomados y programas flexibles, la Instituci\u00f3n integra conocimiento acad\u00e9mico, innovaci\u00f3n y principios cat\u00f3licos para responder a las necesidades sociales, organizacionales y profesionales del entorno.\" \/>\n<meta property=\"og:url\" content=\"https:\/\/www.iush.edu.co\/inicio\/universidad-de-padres\/\" \/>\n<meta property=\"og:site_name\" content=\"Instituci\u00f3n Universitaria Salazar y Herrera\" \/>\n<meta property=\"article:modified_time\" content=\"2026-03-26T13:29:01+00:00\" \/>\n<meta property=\"og:image\" content=\"https:\/\/www.iush.edu.co\/inicio\/wp-content\/uploads\/2025\/12\/Diseno-sin-titulo-6.jpg\" \/>\n\t<meta property=\"og:image:width\" content=\"1600\" \/>\n\t<meta property=\"og:image:height\" content=\"400\" \/>\n\t<meta property=\"og:image:type\" content=\"image\/jpeg\" \/>\n<meta name=\"twitter:card\" content=\"summary_large_image\" \/>\n<meta name=\"twitter:label1\" content=\"Tiempo de lectura\" \/>\n\t<meta name=\"twitter:data1\" content=\"1 minuto\" \/>\n<script type=\"application\/ld+json\" class=\"yoast-schema-graph\">{\"@context\":\"https:\/\/schema.org\",\"@graph\":[{\"@type\":\"WebPage\",\"@id\":\"https:\/\/www.iush.edu.co\/inicio\/universidad-de-padres\/\",\"url\":\"https:\/\/www.iush.edu.co\/inicio\/universidad-de-padres\/\",\"name\":\"Universidad de Padres - Instituci\u00f3n Universitaria Salazar y Herrera\",\"isPartOf\":{\"@id\":\"https:\/\/www.iush.edu.co\/inicio\/#website\"},\"primaryImageOfPage\":{\"@id\":\"https:\/\/www.iush.edu.co\/inicio\/universidad-de-padres\/#primaryimage\"},\"image\":{\"@id\":\"https:\/\/www.iush.edu.co\/inicio\/universidad-de-padres\/#primaryimage\"},\"thumbnailUrl\":\"https:\/\/www.iush.edu.co\/inicio\/wp-content\/uploads\/2025\/12\/Diseno-sin-titulo-6.jpg\",\"datePublished\":\"2026-02-10T13:59:50+00:00\",\"dateModified\":\"2026-03-26T13:29:01+00:00\",\"breadcrumb\":{\"@id\":\"https:\/\/www.iush.edu.co\/inicio\/universidad-de-padres\/#breadcrumb\"},\"inLanguage\":\"es-CO\",\"potentialAction\":[{\"@type\":\"ReadAction\",\"target\":[\"https:\/\/www.iush.edu.co\/inicio\/universidad-de-padres\/\"]}]},{\"@type\":\"ImageObject\",\"inLanguage\":\"es-CO\",\"@id\":\"https:\/\/www.iush.edu.co\/inicio\/universidad-de-padres\/#primaryimage\",\"url\":\"https:\/\/www.iush.edu.co\/inicio\/wp-content\/uploads\/2025\/12\/Diseno-sin-titulo-6.jpg\",\"contentUrl\":\"https:\/\/www.iush.edu.co\/inicio\/wp-content\/uploads\/2025\/12\/Diseno-sin-titulo-6.jpg\",\"width\":1600,\"height\":400},{\"@type\":\"BreadcrumbList\",\"@id\":\"https:\/\/www.iush.edu.co\/inicio\/universidad-de-padres\/#breadcrumb\",\"itemListElement\":[{\"@type\":\"ListItem\",\"position\":1,\"name\":\"Inicio\",\"item\":\"https:\/\/www.iush.edu.co\/inicio\/\"},{\"@type\":\"ListItem\",\"position\":2,\"name\":\"Universidad de Padres\"}]},{\"@type\":\"WebSite\",\"@id\":\"https:\/\/www.iush.edu.co\/inicio\/#website\",\"url\":\"https:\/\/www.iush.edu.co\/inicio\/\",\"name\":\"Instituci\u00f3n Universitaria Salazar y Herrera\",\"description\":\"Formamos profesionales competitivos con visi\u00f3n estrat\u00e9gica y valores s\u00f3lidos, que impactan en la sociedad.\",\"publisher\":{\"@id\":\"https:\/\/www.iush.edu.co\/inicio\/#organization\"},\"potentialAction\":[{\"@type\":\"SearchAction\",\"target\":{\"@type\":\"EntryPoint\",\"urlTemplate\":\"https:\/\/www.iush.edu.co\/inicio\/?s={search_term_string}\"},\"query-input\":{\"@type\":\"PropertyValueSpecification\",\"valueRequired\":true,\"valueName\":\"search_term_string\"}}],\"inLanguage\":\"es-CO\"},{\"@type\":\"Organization\",\"@id\":\"https:\/\/www.iush.edu.co\/inicio\/#organization\",\"name\":\"Instituci\u00f3n Universitaria Salazar y Herrera\",\"url\":\"https:\/\/www.iush.edu.co\/inicio\/\",\"logo\":{\"@type\":\"ImageObject\",\"inLanguage\":\"es-CO\",\"@id\":\"https:\/\/www.iush.edu.co\/inicio\/#\/schema\/logo\/image\/\",\"url\":\"https:\/\/www.iush.edu.co\/inicio\/wp-content\/uploads\/2025\/11\/Logo-32.png\",\"contentUrl\":\"https:\/\/www.iush.edu.co\/inicio\/wp-content\/uploads\/2025\/11\/Logo-32.png\",\"width\":1365,\"height\":970,\"caption\":\"Instituci\u00f3n Universitaria Salazar y Herrera\"},\"image\":{\"@id\":\"https:\/\/www.iush.edu.co\/inicio\/#\/schema\/logo\/image\/\"}}]}<\/script>\n<!-- \/ Yoast SEO plugin. -->","yoast_head_json":{"title":"Universidad de Padres - Instituci\u00f3n Universitaria Salazar y Herrera","robots":{"index":"index","follow":"follow","max-snippet":"max-snippet:-1","max-image-preview":"max-image-preview:large","max-video-preview":"max-video-preview:-1"},"canonical":"https:\/\/www.iush.edu.co\/inicio\/universidad-de-padres\/","og_locale":"es_ES","og_type":"article","og_title":"Universidad de Padres - Instituci\u00f3n Universitaria Salazar y Herrera","og_description":"El Centro de Extensi\u00f3n y Proyecci\u00f3n Social del Salazar y Herrera, impulsa la Educaci\u00f3n Continua como una estrategia de conexi\u00f3n permanente con la sociedad, promoviendo el aprendizaje a lo largo de la vida y la actualizaci\u00f3n profesional. A trav\u00e9s de cursos, diplomados y programas flexibles, la Instituci\u00f3n integra conocimiento acad\u00e9mico, innovaci\u00f3n y principios cat\u00f3licos para responder a las necesidades sociales, organizacionales y profesionales del entorno.","og_url":"https:\/\/www.iush.edu.co\/inicio\/universidad-de-padres\/","og_site_name":"Instituci\u00f3n Universitaria Salazar y Herrera","article_modified_time":"2026-03-26T13:29:01+00:00","og_image":[{"width":1600,"height":400,"url":"https:\/\/www.iush.edu.co\/inicio\/wp-content\/uploads\/2025\/12\/Diseno-sin-titulo-6.jpg","type":"image\/jpeg"}],"twitter_card":"summary_large_image","twitter_misc":{"Tiempo de lectura":"1 minuto"},"schema":{"@context":"https:\/\/schema.org","@graph":[{"@type":"WebPage","@id":"https:\/\/www.iush.edu.co\/inicio\/universidad-de-padres\/","url":"https:\/\/www.iush.edu.co\/inicio\/universidad-de-padres\/","name":"Universidad de Padres - Instituci\u00f3n Universitaria Salazar y Herrera","isPartOf":{"@id":"https:\/\/www.iush.edu.co\/inicio\/#website"},"primaryImageOfPage":{"@id":"https:\/\/www.iush.edu.co\/inicio\/universidad-de-padres\/#primaryimage"},"image":{"@id":"https:\/\/www.iush.edu.co\/inicio\/universidad-de-padres\/#primaryimage"},"thumbnailUrl":"https:\/\/www.iush.edu.co\/inicio\/wp-content\/uploads\/2025\/12\/Diseno-sin-titulo-6.jpg","datePublished":"2026-02-10T13:59:50+00:00","dateModified":"2026-03-26T13:29:01+00:00","breadcrumb":{"@id":"https:\/\/www.iush.edu.co\/inicio\/universidad-de-padres\/#breadcrumb"},"inLanguage":"es-CO","potentialAction":[{"@type":"ReadAction","target":["https:\/\/www.iush.edu.co\/inicio\/universidad-de-padres\/"]}]},{"@type":"ImageObject","inLanguage":"es-CO","@id":"https:\/\/www.iush.edu.co\/inicio\/universidad-de-padres\/#primaryimage","url":"https:\/\/www.iush.edu.co\/inicio\/wp-content\/uploads\/2025\/12\/Diseno-sin-titulo-6.jpg","contentUrl":"https:\/\/www.iush.edu.co\/inicio\/wp-content\/uploads\/2025\/12\/Diseno-sin-titulo-6.jpg","width":1600,"height":400},{"@type":"BreadcrumbList","@id":"https:\/\/www.iush.edu.co\/inicio\/universidad-de-padres\/#breadcrumb","itemListElement":[{"@type":"ListItem","position":1,"name":"Inicio","item":"https:\/\/www.iush.edu.co\/inicio\/"},{"@type":"ListItem","position":2,"name":"Universidad de Padres"}]},{"@type":"WebSite","@id":"https:\/\/www.iush.edu.co\/inicio\/#website","url":"https:\/\/www.iush.edu.co\/inicio\/","name":"Instituci\u00f3n Universitaria Salazar y Herrera","description":"Formamos profesionales competitivos con visi\u00f3n estrat\u00e9gica y valores s\u00f3lidos, que impactan en la sociedad.","publisher":{"@id":"https:\/\/www.iush.edu.co\/inicio\/#organization"},"potentialAction":[{"@type":"SearchAction","target":{"@type":"EntryPoint","urlTemplate":"https:\/\/www.iush.edu.co\/inicio\/?s={search_term_string}"},"query-input":{"@type":"PropertyValueSpecification","valueRequired":true,"valueName":"search_term_string"}}],"inLanguage":"es-CO"},{"@type":"Organization","@id":"https:\/\/www.iush.edu.co\/inicio\/#organization","name":"Instituci\u00f3n Universitaria Salazar y Herrera","url":"https:\/\/www.iush.edu.co\/inicio\/","logo":{"@type":"ImageObject","inLanguage":"es-CO","@id":"https:\/\/www.iush.edu.co\/inicio\/#\/schema\/logo\/image\/","url":"https:\/\/www.iush.edu.co\/inicio\/wp-content\/uploads\/2025\/11\/Logo-32.png","contentUrl":"https:\/\/www.iush.edu.co\/inicio\/wp-content\/uploads\/2025\/11\/Logo-32.png","width":1365,"height":970,"caption":"Instituci\u00f3n Universitaria Salazar y Herrera"},"image":{"@id":"https:\/\/www.iush.edu.co\/inicio\/#\/schema\/logo\/image\/"}}]}},"_links":{"self":[{"href":"https:\/\/www.iush.edu.co\/inicio\/wp-json\/wp\/v2\/pages\/2170","targetHints":{"allow":["GET"]}}],"collection":[{"href":"https:\/\/www.iush.edu.co\/inicio\/wp-json\/wp\/v2\/pages"}],"about":[{"href":"https:\/\/www.iush.edu.co\/inicio\/wp-json\/wp\/v2\/types\/page"}],"author":[{"embeddable":true,"href":"https:\/\/www.iush.edu.co\/inicio\/wp-json\/wp\/v2\/users\/2"}],"replies":[{"embeddable":true,"href":"https:\/\/www.iush.edu.co\/inicio\/wp-json\/wp\/v2\/comments?post=2170"}],"version-history":[{"count":16,"href":"https:\/\/www.iush.edu.co\/inicio\/wp-json\/wp\/v2\/pages\/2170\/revisions"}],"predecessor-version":[{"id":3926,"href":"https:\/\/www.iush.edu.co\/inicio\/wp-json\/wp\/v2\/pages\/2170\/revisions\/3926"}],"wp:featuredmedia":[{"embeddable":true,"href":"https:\/\/www.iush.edu.co\/inicio\/wp-json\/wp\/v2\/media\/1399"}],"wp:attachment":[{"href":"https:\/\/www.iush.edu.co\/inicio\/wp-json\/wp\/v2\/media?parent=2170"}],"curies":[{"name":"wp","href":"https:\/\/api.w.org\/{rel}","templated":true}]}}